4). Let j = z + 0. List the prime factors of j.
2
Let r(m) = m**3 + 9*m**2 + 5*m + 3. What are the prime factors of r(-6)?
3
Suppose 4*f - 5*t - 264 = 0, 8*f - 3*f + t = 359. What are the prime factors of f?
71
Let w(p) = p - 7. Let x be w(5). Let c be -8*(x - 7/(-2)). Let r = -4 - c. What are the prime factors of r?
2
Let k = 178 + -55. List the prime factors of k.
3, 41
Let a be ((-20)/(-6) - 3)*9. Suppose -a*f = -10 - 2. Suppose -2*y = -s - 11, f*y + 0 - 1 = -5*s. What are the prime factors of y?
2
Suppose 0 = 3*w - 2 - 4. Let o be 3/w*-2*-1. Suppose k - 20 = -n + 4*n, -2*n = -o*k + 46. What are the prime factors of k?
2, 7
Let t = -2 + 10. Let f = -2 + t. What are the prime factors of f?
2, 3
Let a(g) = g**3 - g**2 - 14. Let y be a(0). Let j = 16 + y. List the prime factors of j.
2
Let x(k) = 2*k**3 - 4*k**2 - k + 12. List the prime factors of x(3).
3
Suppose 0*n + 4*t + 10 = n, -2*t - 2 = 0. Let q(b) = b**2 - 3*b + 7. What are the prime factors of q(n)?
5
Let s(h) = h**3 - 4*h**2 - 2*h - 3. Let x(d) = -d**2 - 10 - d**3 + 10*d**2 + 12*d - 5. Let k be x(10). What are the prime factors of s(k)?
2, 3
Suppose 15 = 5*y - 190. What are the prime factors of y?
41
Let a(p) = 32*p**2 + 2*p + 1. List the prime factors of a(-1).
31
Let p(y) = 5*y**2 + 11*y**2 - 3 + 4 - 2. List the prime factors of p(-1).
3, 5
Suppose 0 = -5*z - 4*y + 920, -4*y = -4*z - 2*y + 762. Suppose -4*l = 2*t - 140, 0 = -0*l + 5*l - 4*t - z. List the prime factors of l.
2, 3
Suppose 4*v = 5 + 7. Suppose 0 = -v*w - 2 + 62. Suppose -5*r + w = -r. What are the prime factors of r?
5
Let r(a) = 4*a - 13. What are the prime factors of r(7)?
3, 5
Let y(z) = -z**3 - z**2 + 2. Suppose -2*m = 2*m + 8. What are the prime factors of y(m)?
2, 3
Let f(g) be the first derivative of -g**3/3 + 3*g**2 - 4*g - 7. Suppose -4*n + h = -19, -3*n - 4*h = -0*n. What are the prime factors of f(n)?
2
Let c be (-3 - -95) + -2*1. Let k = -60 + c. Suppose 0*v = 4*x - v - 31, -3*x + k = -3*v. List the prime factors of x.
7
Let x = 132 + -67. List the prime factors of x.
5, 13
Let i be (-2)/6 + 2842/21. Suppose -10 = 4*y - 5*u - 123, 0 = 5*y - 5*u - i. List the prime factors of y.
2, 11
Let r(u) = u**3 + 4*u**2 - 4*u + 7. Let d(v) = -v**2 - 1. Let f be d(2). Let c be r(f). Suppose c*o = 4*o - 8. What are the prime factors of o?
2
List the prime factors of -4*(-1)/(-2) + (36 - 1).
3, 11
Let n(c) = c**2 + 10*c - 18. List the prime factors of n(7).
101
Suppose -m = -3, -r + 5*m - 134 = -404. What are the prime factors of r?
3, 5, 19
Let c = 4 - 4. Let u = 7 + c. What are the prime factors of u?
7
What are the prime factors of (3 - 6/4)/(3/360)?
2, 3, 5
Let l = 37 + 28. What are the prime factors of l/2 - 18/(-12)?
2, 17
Suppose b - h + 4 = -0, -3*b - h = -4. Let c = -6 + b. Let x(u) = u**2 + 5*u + 1. List the prime factors of x(c).
7
Suppose -3*h + 16 + 56 = 0. What are the prime factors of h?
2, 3
Let x(v) = 19*v + 5. List the prime factors of x(9).
2, 11
Suppose b - 2*t - 2 = -0*b, 5*b + 4*t = 52. Let a = b + -3. Suppose 4*s - 32 = -2*y, 11 = a*s - 5*y + 1. List the prime factors of s.
2, 3
Let i = 13 + 3. What are the prime factors of (-6 - (-6 + 2)) + i?
2, 7
Let v(m) = m**3 - 7*m**2 + 6*m + 4. Let x be v(6). What are the prime factors of x/(-3*2/(-6))?
2
Let r(m) = -m**3 + 2*m**2 + 2. What are the prime factors of r(-3)?
47
Suppose 0 = 4*r - 271 - 21. List the prime factors of r.
73
Let r = 10 - 5. List the prime factors of r.
5
Let c(j) = j**2 - j - 16. What are the prime factors of c(7)?
2, 13
Suppose w - 4*w = -3*m + 9, -m + 23 = 4*w. Let z = 2 + m. What are the prime factors of z?
3
Let w(r) = -r**3 + 4*r**2 + 7*r + 7. Let d be w(6). Let l = -5 - d. List the prime factors of l.
2, 3
Let s(r) be the third derivative of -r**6/120 - 7*r**5/60 - r**4/3 - 3*r**3/2 - 2*r**2. Let d be s(-6). What are the prime factors of 8*(d - (-18)/(-8))?
2, 3
Let f(l) = 2*l - 7. Let k be f(-7). List the prime factors of 6*k*(-2)/18.
2, 7
Let a = 107 + -61. List the prime factors of a.
2, 23
Let v(m) = 4*m**3 + 1. Let w be v(1). Suppose 3*b - w*h - 9 = 0, 0*h + 52 = 5*b + 4*h. List the prime factors of 2/8 + 70/b.
3
Suppose 52 = -5*c + 2*v - 2, c = 5*v + 3. Let d(u) = u**3 + 7*u**2 + 4*u + 8. Let g be d(-7). Let f = c - g. What are the prime factors of f?
2
Let k = -14 + 53. What are the prime factors of k?
3, 13
List the prime factors of 23*(-2)/(4/(-2)).
23
Suppose v + 3 = 2*v. Suppose v = 2*l + l. What are the prime factors of 9/(-2)*(-2)/l?
3
Let j(p) = p**2 + 4*p - 6. Let r be j(-6). Suppose -51 = -r*f + 3*f. What are the prime factors of f?
17
Suppose -5*w - 5*x = -w - 219, 0 = 4*w - 5*x - 189. List the prime factors of w.
3, 17
Suppose -2*w - 2*w + 12 = -y, w - 3 = 2*y. List the prime factors of w.
3
Let n(b) = 4*b + 2. Let k be n(-5). What are the prime factors of (-4)/k - 16/(-9)?
2
Suppose n - 4*n - 3*a - 3 = 0, -9 = n + 3*a. Let v = 4 + n. What are the prime factors of v?
7
What are the prime factors of -2*((-770)/(-4))/(-1)?
5, 7, 11
Let k(a) = 3*a**2 - 8*a - 1. List the prime factors of k(4).
3, 5
Let a(l) be the first derivative of -5*l**2/2 - 13*l + 2. List the prime factors of a(-11).
2, 3, 7
Suppose 7*i - 688 = 3*i. List the prime factors of i.
2, 43
Suppose -4*s + 461 = -463. What are the prime factors of s?
3, 7, 11
Let d(t) = -3 + 0*t**3 - 13*t - 13*t**2 - t**3 - 4. List the prime factors of d(-12).
5
Let k(c) = -c - 3. Let z be k(3). List the prime factors of 9/(-3) - z*2.
3
Let y be (-14)/(-3) + (-22)/33. Suppose 4*v + y*k = -v + 53, 3*k = 3*v - 48. What are the prime factors of v?
13
Let u(o) = -26*o - 3. What are the prime factors of u(-6)?
3, 17
Suppose 0 = -n - 4*n + 15. Suppose -2*h + n*h - 9 = 0. Suppose 5*p - 49 = -h. List the prime factors of p.
2
Let k(t) = -15*t + 2. List the prime factors of k(-2).
2
Suppose 248 = 3*o - 4*r - 3, 0 = 3*o + r - 271. List the prime factors of o.
89
Let u = 17 + -12. Let c = u - -3. List the prime factors of c.
2
List the prime factors of 6 + 72/(-16) - (-73)/2.
2, 19
Suppose -5*t + 5*u = -50 - 10, 0 = -5*u + 25. What are the prime factors of t?
17
Suppose -25 = -5*c, -5*y = -4*c - 1 + 11. Suppose 0 = y*i - 0*i - 10. Let g = -1 + i. What are the prime factors of g?
2
Let i = 11 + -8. Let v(d) = d + 1. Let b be v(i). Suppose -b*r + 15 = 5*f, 2*f = -3*r - 0 + 6. List the prime factors of f.
3
Let k(b) = 2*b**2 - 3*b + 3. Let f be k(2). Suppose 0 = i + 3*i. Suppose f*v - 56 - 24 = i. List the prime factors of v.
2
Let l = 294 - 69. List the prime factors of l.
3, 5
Let g(t) = -t + 4. Let b be g(3). Let x(i) = 9*i**2 - i - 1. Let m(p) = -p**2 - p. Let v(q) = -m(q) + x(q). List the prime factors of v(b).
3
List the prime factors of 22*(-6 - -3 - 33/(-2)).
3, 11
Let r(m) be the first derivative of m**5/120 + 7*m**4/8 + m**3 + 3. Let k(u) be the third derivative of r(u). List the prime factors of k(-9).
2, 3
Let w(s) = 2*s + 30. Let d be w(-12). Let y = 15 + -126. List the prime factors of (-2)/d - y/9.
2, 3
List the prime factors of -5*(1668/(-30) - 4).
2, 149
Suppose 4*a + 5*b - 285 = 0, -3*a + 217 = 3*b + 4. List the prime factors of a.
2, 5, 7
Suppose 3*j = 2*u - 111, -5 = -j - 0. List the prime factors of u.
3, 7
List the prime factors of 7240/56 - 2/7.
3, 43
Let f(l) = -l**2 + 8*l - 3. Let b be f(7). Let i = 6 - b. List the prime factors of i.
2
Let j = 5 + -7. Let a = j + -3. Let n(x) = -x**3 - 4*x**2 + 5*x + 4. What are the prime factors of n(a)?
2
Let c(v) be the second derivative of 2*v - 11/6*v**3 + 0*v**2 + 0. What are the prime factors of c(-1)?
11
Suppose -3*x = -226 - 17. List the prime factors of x.
3
Suppose -f = -0 - 4. Suppose -f*a + 8 + 4 = 0. Suppose -i - 10 = -a*i. List the prime factors of i.
5
Let a = -7 + 26. Suppose -2*q - 3*g + a = -q, 58 = 2*q + 2*g. List the prime factors of q.
2, 17
Suppose -2*m - 81 - 179 = -2*u, 4*u - 523 = m. List the prime factors of u.
131
Let c = 48 + -7. List the prime factors of c.
41
Suppose -4*q = 3*l + 1 + 1, 0 = 3*l + 3*q. Suppose -l*h = h - 15. Suppose 10 = h*d - 5. What are the prime factors of d?
3
Let s be (13 - -1) + (5 - 4). List the prime factors of 2*s/(-12)*-2.
5
List the prime factors of (9/(-6))/((-12)/176).
2, 11
Let f = 24 - 17. List the prime factors of f.
7
Let x(n) = 3*n**3 + 7*n**2 - 11*n -